What is -262 (base 7) in base 13?
-ac
-12331 (base 7) to base 3
-11110121
What is -3424 (base 5) in base 14?
-26d
Convert -51215 (base 9) to base 2.
-1000001110101110
What is 239b (base 13) in base 5?
130104
1525 (base 8) to base 11
706
301331 (base 4) to base 2
110001111101
What is -123816 (base 9) in base 12?
-374b9
Convert -235 (base 14) to base 2.
-110110111
1001001101 (base 2) to base 5
4324
What is 215344 (base 6) in base 16?
4690
Convert -b04 (base 14) to base 4.
-201300
100100011 (base 2) to base 4
10203
Convert -2544 (base 6) to base 8.
-1200
Convert -73d (base 15) to base 11.
-1255
What is 13d2 (base 14) in base 13?
17a6
What is 103133 (base 4) in base 16?
4df
What is 1100100000 (base 2) in base 4?
30200
11001000010 (base 2) to base 5
22402
-1814 (base 12) to base 5
-43041
Convert a4a3 (base 11) to base 12.
806b
341222 (base 5) to base 11
9076
5908 (base 15) to base 7
106061
Convert -bc8 (base 15) to base 9.
-3578
793 (base 13) to base 3
1210021
-1b2 (base 12) to base 10
-278
What is -3754 (base 8) in base 2?
-11111101100
Convert -2020211001 (base 3) to base 14.
-1222b
-213340 (base 5) to base 6
-54001
What is -1c14 (base 13) in base 15?
-13cc
6636 (base 11) to base 12
5093
c277 (base 13) to base 14
9aa4
Convert 236 (base 7) to base 15.
85
Convert 207 (base 8) to base 7.
252
What is -ae3 (base 15) in base 11?
-193a
-114a (base 11) to base 12
-a56
Convert -1cc8 (base 15) to base 9.
-8528
What is 274 (base 13) in base 11?
364
Convert 51173 (base 10) to base 2.
1100011111100101
101100 (base 3) to base 4
10113
Convert -8 (base 13) to base 3.
-22
What is 5601 (base 8) in base 5?
43240
What is 59 (base 16) in base 2?
1011001
What is -2654 (base 11) in base 5?
-102242
883 (base 15) to base 11
1499
Convert 678 (base 11) to base 13.
4a5
What is -2213 (base 4) in base 9?
-205
Convert -7317 (base 11) to base 13.
-4550
-592 (base 10) to base 9
-727
-1880 (base 13) to base 7
-13436
What is 103330 (base 4) in base 14?
672
100747 (base 8) to base 3
1200121200
-156 (base 16) to base 10
-342
What is -1101121 (base 3) in base 12?
-707
What is -1291 (base 11) in base 4?
-122021
110001110 (base 2) to base 9
482
-438 (base 12) to base 6
-2512
-10001101110 (base 2) to base 7
-3210
What is -11111 (base 4) in base 14?
-1a5
Convert 2013 (base 6) to base 11.
371
Convert 249 (base 13) to base 8.
617
Convert -53e (base 16) to base 12.
-93a
Convert 88ac (base 14) to base 7.
126005
Convert -179 (base 15) to base 9.
-416
Convert -21a6 (base 14) to base 13.
-2866
What is -81 (base 9) in base 12?
-61
Convert 361 (base 15) to base 9.
1041
What is 110202201 (base 3) in base 10?
9307
What is -233 (base 5) in base 16?
-44
-1403332 (base 5) to base 10
-28592
What is 12111 (base 3) in base 12?
104
-60437 (base 9) to base 2
-1001101100101100
What is -10001101100101100 (base 2) in base 8?
-215454
1220302 (base 4) to base 9
10171
What is -b048 (base 13) in base 14?
-8b87
367 (base 10) to base 4
11233
Convert 113433 (base 8) to base 11.
27077
-1108 (base 9) to base 16
-332
What is -31055 (base 10) in base 9?
-46535
Convert 212032 (base 4) to base 9.
3317
Convert 13303 (base 4) to base 10.
499
What is 20213 (base 7) in base 11?
3764
-10111110000 (base 2) to base 4
-113300
469 (base 12) to base 13
3b7
What is -11516 (base 7) in base 12?
-18a2
What is -3b0a (base 12) in base 7?
-25522
What is -932 (base 12) in base 5?
-20314
1210101220 (base 3) to base 4
20213112
What is -967 (base 16) in base 13?
-1132
-104310 (base 5) to base 3
-12002020
5377 (base 8) to base 6
21011
Convert 41107 (base 8) to base 3.
212021102
What is 2ee2 (base 15) in base 9?
14775
341 (base 12) to base 2
111100001
-22121021 (base 3) to base 13
-2b15
What is -3118 (base 9) in base 2?
-100011101101
-431 (base 14) to base 15
-3a2
What is -14b7c (base 13) in base 11?
-27598
Convert a7a (base 14) to base 8.
4024
-23131 (base 4) to base 5
-10413
What is -c87 (base 14) in base 5?
-34341
Convert -1366 (base 13) to base 16.
-ae4
What is 457d (base 14) in base 6?
131511
Convert -133425 (base 6) to base 15.
-3a68
What is 16749 (base 10) in base 8?
40555
Convert -3652 (base 7) to base 9.
-1771
15477 (base 8) to base 13
3237
1101101000100 (base 2) to base 11
5276
Convert cccd (base 15) to base 11.
2a669
What is -3018 (base 12) in base 10?
-5204
What is 33310321 (base 4) in base 10?
64825
23030 (base 5) to base 15
745
-10662 (base 11) to base 13
-7044
Convert -11000211 (base 3) to base 2.
-101101111010
Convert 26412 (base 7) to base 5.
211230
Convert 10000110 (base 3) to base 9.
3013
19594 (base 11) to base 14
9d60
Convert 175 (base 9) to base 15.
9e
Convert 300002 (base 4) to base 15.
d9e
What is -21d (base 15) in base 12?
-33a
What is 247b (base 15) in base 7?
31433
Convert -102410 (base 8) to base 11.
-23650
Convert -12202032 (base 4) to base 2.
-110100010001110
Convert 1000110110 (base 2) to base 13.
347
Convert 11 (base 9) to base 6.
14
17a1 (base 11) to base 10
2289
Convert -4144 (base 6) to base 5.
-12203
What is -2123 (base 15) in base 16?
-1b60
What is -228 (base 14) in base 3?
-120212
16 (base 11) to base 14
13
Convert 46b (base 14) to base 6.
4023
1011001010010111 (base 2) to base 9
68638
8a2 (base 12) to base 10
1274
-10845 (base 13) to base 12
-15416
What is 1011100100001 (base 2) in base 15?
1b4b
What is -2102 (base 4) in base 11?
-123
Convert -838 (base 13) to base 12.
-987
-93 (base 14) to base 16
-81
-2f1 (base 16) to base 4
-23301
What is 2c1 (base 14) in base 15?
276
What is 10101100001 (base 2) in base 10?
1377
What is -1142 (base 11) in base 16?
-5da
15040 (base 6) to base 10
2400
Convert 323 (base 9) to base 8.
410
9817 (base 15) to base 2
111110111000101
-b37 (base 14) to base 7
-6300
What is -710 (base 10) in base 4?
-23012
-236b2 (base 12) to base 8
-135046
Convert 1001010000 (base 2) to base 3.
210221
Convert -24015 (base 8) to base 5.
-312003
What is -653 (base 14) in base 10?
-1249
What is 1012 (base 4) in base 7?
130
What is 2c5 (base 16) in base 3?
222021
What is 21221 (base 5) in base 15?
65b
cb (base 15) to base 2
10111111
What is -201100110 (base 3) in base 8?
-33432
What is 1294 (base 10) in base 16?
50e
-417 (base 11) to base 5
-4002
Convert 39 (base 13) to base 2.
110000
Convert 134 (base 11) to base 6.
422
Convert -3df (base 16) to base 13.
-5b3
What is 11353 (base 11) in base 4?
10000021
-1687 (base 9) to base 15
-5b4
Convert -c067 (base 14) to base 3.
-1200021221
-11000201 (base 4) to base 13
-944c
Convert e2 (base 15) to base 6.
552
What is 26524 (base 9) in base 13?
8209
What is 12534 (base 8) in base 13?
2648
Convert -131022 (base 7) to base 16.
-5f31
What is -132221 (base 5) in base 11?
-3a99
-101624 (base 8) to base 6
-415540
1233002 (base 4) to base 8
15702
What is 17252 (base 9) in base 12?
6a55
Convert 1209 (base 13) to base 4.
213300
Convert 12042 (base 6) to base 3.
2101222
Convert 101111100101010 (base 2) to base 14.
8c42
-1044032 (base 5) to base 6
-222150
Convert -1021320 (base 4) to base 9.
-6433
3c8 (base 16) to base 2
1111001000
-344 (base 9) to base 10
-283
What is 125522 (base 7) in base 13?
a973
10000111110110100 (base 2) to base 12
34304
What is 229c3 (base 13) in base 8?
173334
What is -c85 (base 15) in base 11?
-2139
What is -221 (base 16) in base 13?
-32c
Convert 64363 (base 9) to base 7.
235101
-b85 (base 12) to base 5
-23220
Convert 3132 (base 5) to base 16.
1a1
Convert -1000011111 (base 2) to base 14.
-2ab
What is -140 (base 11) in base 5?
-1130
What is 14420 (base 6) in base 2?
100100001100
What is 141205 (base 7) in base 16?
68e9
What is 153200 (base 6) in base 10?
14976
Convert 151 (base 12) to base 5.
1310
-1553 (base 7) to base 12
-442
Convert -252 (base 7) to base 3.
-12000
Convert 3025 (base 8) to base 6.
11113
23a4 (base 14) to base 4
1201030
-53204 (base 8) to base 4
-11122010
d92 (base 15) to base 4
233312
-111110000 (base 2) to base 10
-496
Convert 22100202 (base 3) to base 2.
1011111001111
What is fe (base 16) in base 7?
512
Convert -5308 (base 9) to base 3.
-12100022
-9de9 (base 16) to base 3
-2001110020
2303 (base 5) to base 8
510
What is -110221 (base 3) in base 14?
-1ad
201002 (base 4) to base 2
100001000010
Convert -101011101100 (base 2) to base 7.
-11103
-3411 (base 7) to base 8
-2321
1000120101 (base 3) to base 11
14111
What is -20120